{"id":83,"date":"2023-11-15T12:56:27","date_gmt":"2023-11-15T09:56:27","guid":{"rendered":"https:\/\/akasyapalet.com\/?page_id=83"},"modified":"2023-11-15T12:56:28","modified_gmt":"2023-11-15T09:56:28","slug":"akasya-palet-4","status":"publish","type":"page","link":"https:\/\/akasyapalet.com\/?page_id=83","title":{"rendered":"Hakk\u0131m\u0131zda"},"content":{"rendered":"\n<p>Gebze\u2019de\u00a0<strong><a href=\"http:\/\/www.akasyapalet.com\">Tolga SARI\u00c7AYIR<\/a><\/strong>\u00a0Taraf\u0131ndan kurulmu\u015f olan firmam\u0131z 2010 y\u0131l\u0131ndan bu yana 3.500 m2 kapal\u0131 alan \u00fczerine kurulu tesisiyle t\u00fcm palet ihtiya\u00e7lar\u0131n\u0131za \u00e7\u00f6z\u00fcm sa\u011flamaktad\u0131r. Y\u0131llar\u0131n verdi\u011fi tecr\u00fcbeyle; ve uygulad\u0131\u011f\u0131\u00a0<strong>\u201cPalet Tasar\u0131m Sistemi\u201d<\/strong>\u00a0ile t\u00fcm firmalar\u0131n \u00f6zel ihtiya\u00e7lar\u0131na cevap vermektedir. Akasya Palet olarak bizimle ilk defa \u00e7al\u0131\u015facak olan firmalar\u0131n ta\u015f\u0131ma yapaca\u011f\u0131 \u00fcr\u00fcnleri tespit ettikten sonra, minimum boyutta maksimum verimlili\u011fi yakalamak i\u00e7in \u00f6zel \u00f6l\u00e7\u00fc haz\u0131rlamaktay\u0131z.\u00a0<a href=\"http:\/\/www.akasyapalet.com\">Palet tasar\u0131m sistemi<\/a>, size ihtiyac\u0131n\u0131z olacak kadar sa\u011flam ve gerekli boyutta palet \u00f6l\u00e7\u00fcs\u00fc haz\u0131rlar. Palet maliyeti, nakliye, depolama gibi t\u00fcm s\u00fcre\u00e7lerde avantaj sa\u011flam\u0131\u015f olursunuz. Sekt\u00f6r\u00fcn\u00fcz veya \u00fcr\u00fcn\u00fcn\u00fcz ne olursa olsun, biz t\u00fcm palet \u00e7\u00f6z\u00fcmleriniz i\u00e7in yan\u0131n\u0131zday\u0131z. Firma olarak ayn\u0131 zamanda yurtd\u0131\u015f\u0131na g\u00f6ndermek istedi\u011finiz \u00fcr\u00fcnlerinizin i\u00e7in ta\u015f\u0131ma sand\u0131klar\u0131 \u00fcretmekteyiz. Optimum boyutlarda ve sa\u011flam ihracat sand\u0131klar\u0131 ve kasalar\u0131na ihtiyac\u0131n\u0131z oldu\u011funda, firmam\u0131z size \u00f6zel \u00e7\u00f6z\u00fcmleriyle t\u00fcm g\u00f6nderilerinizin g\u00fcvenle ula\u015fmas\u0131n\u0131 sa\u011flar.<\/p>\n\n\n\n<p>Zaman i\u00e7erisinde \u00fclkemizde, sekt\u00f6r\u00fcn ihtiya\u00e7lar\u0131 do\u011frultusunda alan\u0131nda uzman ve tecr\u00fcbeli personel ekibi olu\u015fturmu\u015f.<\/p>\n\n\n\n<p>\u00c7al\u0131\u015fmalar\u0131n\u0131 belirli bir d\u00fczene oturtarak problemsiz bir \u015fekilde palet \u00fcretim hizmetleri sunmaya ba\u015flam\u0131\u015ft\u0131r.<\/p>\n\n\n\n<p><a href=\"http:\/\/www.akasyapalet.com\">Akasya Palet<\/a> M\u00fc\u015fterilerimizin isteklerine en uygun \u00e7\u00f6z\u00fcmler sunarak, hem ekonomik hem de kalite olarak b\u00fcy\u00fck avantajlar sa\u011flamaktay\u0131z.<\/p>\n","protected":false},"excerpt":{"rendered":"<p>Gebze\u2019de\u00a0Tolga SARI\u00c7AYIR\u00a0Taraf\u0131ndan kurulmu\u015f olan firmam\u0131z 2010 y\u0131l\u0131ndan bu yana 3.500 m2 kapal\u0131 alan \u00fczerine kurulu tesisiyle t\u00fcm palet ihtiya\u00e7lar\u0131n\u0131za \u00e7\u00f6z\u00fcm sa\u011flamaktad\u0131r. Y\u0131llar\u0131n verdi\u011fi tecr\u00fcbeyle; ve uygulad\u0131\u011f\u0131\u00a0\u201cPalet Tasar\u0131m Sistemi\u201d\u00a0ile t\u00fcm firmalar\u0131n \u00f6zel ihtiya\u00e7lar\u0131na cevap vermektedir. Akasya Palet olarak bizimle ilk defa \u00e7al\u0131\u015facak olan firmalar\u0131n ta\u015f\u0131ma yapaca\u011f\u0131 \u00fcr\u00fcnleri tespit ettikten sonra, minimum boyutta maksimum verimlili\u011fi yakalamak i\u00e7in [&hellip;]<\/p>\n","protected":false},"author":1,"featured_media":20,"parent":0,"menu_order":0,"comment_status":"closed","ping_status":"closed","template":"","meta":{"footnotes":""},"class_list":["post-83","page","type-page","status-publish","has-post-thumbnail","hentry"],"yoast_head":"<!-- This site is optimized with the Yoast SEO plugin v21.5 - https:\/\/yoast.com\/wordpress\/plugins\/seo\/ -->\n<title>Hakk\u0131m\u0131zda - Akasya Palet<\/title>\n<meta name=\"description\" content=\"Akasya Palet\" \/>\n<meta name=\"robots\" content=\"index, follow, max-snippet:-1, max-image-preview:large, max-video-preview:-1\" \/>\n<link rel=\"canonical\" href=\"https:\/\/akasyapalet.com\/?page_id=83\" \/>\n<meta property=\"og:locale\" content=\"tr_TR\" \/>\n<meta property=\"og:type\" content=\"article\" \/>\n<meta property=\"og:title\" content=\"Hakk\u0131m\u0131zda - Akasya Palet\" \/>\n<meta property=\"og:description\" content=\"Akasya Palet\" \/>\n<meta property=\"og:url\" content=\"https:\/\/akasyapalet.com\/?page_id=83\" \/>\n<meta property=\"og:site_name\" content=\"Akasya Palet\" \/>\n<meta property=\"article:modified_time\" content=\"2023-11-15T09:56:28+00:00\" \/>\n<meta property=\"og:image\" content=\"https:\/\/akasyapalet.com\/wp-content\/uploads\/2023\/10\/akasya-palet-ahsap-sandik.png\" \/>\n\t<meta property=\"og:image:width\" content=\"900\" \/>\n\t<meta property=\"og:image:height\" content=\"416\" \/>\n\t<meta property=\"og:image:type\" content=\"image\/png\" \/>\n<meta name=\"twitter:card\" content=\"summary_large_image\" \/>\n<meta name=\"twitter:label1\" content=\"Tahmini okuma s\u00fcresi\" \/>\n\t<meta name=\"twitter:data1\" content=\"2 dakika\" \/>\n<script type=\"application\/ld+json\" class=\"yoast-schema-graph\">{\"@context\":\"https:\/\/schema.org\",\"@graph\":[{\"@type\":\"WebPage\",\"@id\":\"https:\/\/akasyapalet.com\/?page_id=83\",\"url\":\"https:\/\/akasyapalet.com\/?page_id=83\",\"name\":\"Hakk\u0131m\u0131zda - Akasya Palet\",\"isPartOf\":{\"@id\":\"https:\/\/akasyapalet.com\/#website\"},\"datePublished\":\"2023-11-15T09:56:27+00:00\",\"dateModified\":\"2023-11-15T09:56:28+00:00\",\"description\":\"Akasya Palet\",\"breadcrumb\":{\"@id\":\"https:\/\/akasyapalet.com\/?page_id=83#breadcrumb\"},\"inLanguage\":\"tr\",\"potentialAction\":[{\"@type\":\"ReadAction\",\"target\":[\"https:\/\/akasyapalet.com\/?page_id=83\"]}]},{\"@type\":\"BreadcrumbList\",\"@id\":\"https:\/\/akasyapalet.com\/?page_id=83#breadcrumb\",\"itemListElement\":[{\"@type\":\"ListItem\",\"position\":1,\"name\":\"Anasayfa\",\"item\":\"https:\/\/akasyapalet.com\/\"},{\"@type\":\"ListItem\",\"position\":2,\"name\":\"Hakk\u0131m\u0131zda\"}]},{\"@type\":\"WebSite\",\"@id\":\"https:\/\/akasyapalet.com\/#website\",\"url\":\"https:\/\/akasyapalet.com\/\",\"name\":\"Akasya Palet\",\"description\":\"Palet ve Palet \u00dcr\u00fcnleri\",\"potentialAction\":[{\"@type\":\"SearchAction\",\"target\":{\"@type\":\"EntryPoint\",\"urlTemplate\":\"https:\/\/akasyapalet.com\/?s={search_term_string}\"},\"query-input\":\"required name=search_term_string\"}],\"inLanguage\":\"tr\"}]}<\/script>\n<!-- \/ Yoast SEO plugin. -->","yoast_head_json":{"title":"Hakk\u0131m\u0131zda - Akasya Palet","description":"Akasya Palet","robots":{"index":"index","follow":"follow","max-snippet":"max-snippet:-1","max-image-preview":"max-image-preview:large","max-video-preview":"max-video-preview:-1"},"canonical":"https:\/\/akasyapalet.com\/?page_id=83","og_locale":"tr_TR","og_type":"article","og_title":"Hakk\u0131m\u0131zda - Akasya Palet","og_description":"Akasya Palet","og_url":"https:\/\/akasyapalet.com\/?page_id=83","og_site_name":"Akasya Palet","article_modified_time":"2023-11-15T09:56:28+00:00","og_image":[{"width":900,"height":416,"url":"https:\/\/akasyapalet.com\/wp-content\/uploads\/2023\/10\/akasya-palet-ahsap-sandik.png","type":"image\/png"}],"twitter_card":"summary_large_image","twitter_misc":{"Tahmini okuma s\u00fcresi":"2 dakika"},"schema":{"@context":"https:\/\/schema.org","@graph":[{"@type":"WebPage","@id":"https:\/\/akasyapalet.com\/?page_id=83","url":"https:\/\/akasyapalet.com\/?page_id=83","name":"Hakk\u0131m\u0131zda - Akasya Palet","isPartOf":{"@id":"https:\/\/akasyapalet.com\/#website"},"datePublished":"2023-11-15T09:56:27+00:00","dateModified":"2023-11-15T09:56:28+00:00","description":"Akasya Palet","breadcrumb":{"@id":"https:\/\/akasyapalet.com\/?page_id=83#breadcrumb"},"inLanguage":"tr","potentialAction":[{"@type":"ReadAction","target":["https:\/\/akasyapalet.com\/?page_id=83"]}]},{"@type":"BreadcrumbList","@id":"https:\/\/akasyapalet.com\/?page_id=83#breadcrumb","itemListElement":[{"@type":"ListItem","position":1,"name":"Anasayfa","item":"https:\/\/akasyapalet.com\/"},{"@type":"ListItem","position":2,"name":"Hakk\u0131m\u0131zda"}]},{"@type":"WebSite","@id":"https:\/\/akasyapalet.com\/#website","url":"https:\/\/akasyapalet.com\/","name":"Akasya Palet","description":"Palet ve Palet \u00dcr\u00fcnleri","potentialAction":[{"@type":"SearchAction","target":{"@type":"EntryPoint","urlTemplate":"https:\/\/akasyapalet.com\/?s={search_term_string}"},"query-input":"required name=search_term_string"}],"inLanguage":"tr"}]}},"_links":{"self":[{"href":"https:\/\/akasyapalet.com\/index.php?rest_route=\/wp\/v2\/pages\/83","targetHints":{"allow":["GET"]}}],"collection":[{"href":"https:\/\/akasyapalet.com\/index.php?rest_route=\/wp\/v2\/pages"}],"about":[{"href":"https:\/\/akasyapalet.com\/index.php?rest_route=\/wp\/v2\/types\/page"}],"author":[{"embeddable":true,"href":"https:\/\/akasyapalet.com\/index.php?rest_route=\/wp\/v2\/users\/1"}],"replies":[{"embeddable":true,"href":"https:\/\/akasyapalet.com\/index.php?rest_route=%2Fwp%2Fv2%2Fcomments&post=83"}],"version-history":[{"count":1,"href":"https:\/\/akasyapalet.com\/index.php?rest_route=\/wp\/v2\/pages\/83\/revisions"}],"predecessor-version":[{"id":85,"href":"https:\/\/akasyapalet.com\/index.php?rest_route=\/wp\/v2\/pages\/83\/revisions\/85"}],"wp:featuredmedia":[{"embeddable":true,"href":"https:\/\/akasyapalet.com\/index.php?rest_route=\/wp\/v2\/media\/20"}],"wp:attachment":[{"href":"https:\/\/akasyapalet.com\/index.php?rest_route=%2Fwp%2Fv2%2Fmedia&parent=83"}],"curies":[{"name":"wp","href":"https:\/\/api.w.org\/{rel}","templated":true}]}}